7, 21587
List the prime factors of 14753121.
3, 37, 132911
List the prime factors of 7604122.
2, 23, 53, 3119
List the prime factors of 370314.
2, 3, 7, 2939
What are the prime factors of 10381197?
3, 113, 271
What are the prime factors of 3281622?
2, 3, 546937
List the prime factors of 77467.
13, 59, 101
What are the prime factors of 8057577?
3, 11, 19, 71, 181
List the prime factors of 343136.
2, 10723
What are the prime factors of 4115055?
3, 5, 7, 39191
What are the prime factors of 145762?
2, 31, 2351
List the prime factors of 141171.
3, 47057
List the prime factors of 169515.
3, 5, 3767
List the prime factors of 220074.
2, 3, 43, 853
List the prime factors of 493280.
2, 5, 3083
What are the prime factors of 21091451?
21091451
What are the prime factors of 17239700?
2, 5, 17, 10141
List the prime factors of 516223.
516223
What are the prime factors of 1082048?
2, 11, 29, 53
List the prime factors of 497439.
3, 19, 2909
What are the prime factors of 3564577?
17, 307, 683
List the prime factors of 11914838.
2, 13, 35251
List the prime factors of 39223.
61, 643
What are the prime factors of 2210982?
2, 3, 31, 11887
List the prime factors of 22412696.
2, 2801587
What are the prime factors of 1635465?
3, 5, 13, 8387
What are the prime factors of 7380?
2, 3, 5, 41
What are the prime factors of 7482898?
2, 3741449
What are the prime factors of 1364534?
2, 823, 829
What are the prime factors of 4896662?
2, 863, 2837
What are the prime factors of 4665948?
2, 3, 7, 55547
What are the prime factors of 115766?
2, 7, 8269
What are the prime factors of 838656?
2, 3, 7, 13
List the prime factors of 13710103.
11, 1246373
What are the prime factors of 7346284?
2, 11, 199, 839
What are the prime factors of 2400505?
5, 480101
What are the prime factors of 1176733?
29, 40577
What are the prime factors of 1104030?
2, 3, 5, 29, 47
List the prime factors of 8239248.
2, 3, 29, 1973
What are the prime factors of 4355743?
7, 622249
List the prime factors of 1192242.
2, 3, 109, 1823
List the prime factors of 383941.
383941
List the prime factors of 72616.
2, 29, 313
What are the prime factors of 51604?
2, 7, 19, 97
What are the prime factors of 2960107?
47, 62981
What are the prime factors of 9144166?
2, 1289, 3547
List the prime factors of 3098784.
2, 3, 13, 191
What are the prime factors of 1119420?
2, 3, 5, 691
List the prime factors of 1189818.
2, 3, 7, 19, 71
What are the prime factors of 538845?
3, 5, 35923
What are the prime factors of 7604317?
7, 1086331
List the prime factors of 270254.
2, 163, 829
What are the prime factors of 4404700?
2, 5, 17, 2591
List the prime factors of 213096.
2, 3, 13, 683
List the prime factors of 63862.
2, 37, 863
List the prime factors of 217193.
43, 5051
List the prime factors of 3075145.
5, 43, 14303
List the prime factors of 2750477.
283, 9719
List the prime factors of 438360.
2, 3, 5, 13, 281
List the prime factors of 1073544.
2, 3, 41, 1091
List the prime factors of 16321355.
5, 3264271
List the prime factors of 10109304.
2, 3, 140407
List the prime factors of 477955.
5, 17, 5623
List the prime factors of 767979.
3, 85331
What are the prime factors of 2908137?
3, 607, 1597
What are the prime factors of 270585?
3, 5, 7, 859
List the prime factors of 4538421.
3, 504269
What are the prime factors of 275668?
2, 68917
List the prime factors of 27772592.
2, 23, 163, 463
List the prime factors of 301649.
301649
List the prime factors of 954716.
2, 7, 4871
List the prime factors of 17538395.
5, 7, 79, 6343
List the prime factors of 1622523.
3, 7, 77263
List the prime factors of 7771830.
2, 3, 5, 11, 2141
List the prime factors of 2145192.
2, 3, 7, 113
List the prime factors of 10904058.
2, 3, 11, 29, 211
List the prime factors of 2913676.
2, 37, 19687
List the prime factors of 519537.
3, 17, 61, 167
What are the prime factors of 332434?
2, 359, 463
List the prime factors of 2598.
2, 3, 433
What are the prime factors of 989498?
2, 494749
What are the prime factors of 9339662?
2, 4669831
What are the prime factors of 347327?
17, 20431
What are the prime factors of 284809?
7, 23, 29, 61
What are the prime factors of 7119322?
2, 7, 41, 79, 157
List the prime factors of 230923.
7, 11, 2999
What are the prime factors of 883683?
3, 23, 1423
List the prime factors of 139552.
2, 7, 89
What are the prime factors of 7922700?
2, 3, 5, 8803
List the prime factors of 26192606.
2, 11, 1190573
List the prime factors of 413743.
11, 29, 1297
List the prime factors of 3675798.
2, 3, 7, 29173
List the prime factors of 699514.
2, 397, 881
What are the prime factors of 6120454?
2, 31, 98717
What are the prime factors of 5252173?
461, 11393
What are the prime factors of 3092653?
31, 67, 1489
What are the prime factors of 23482376?
2, 31, 94687
List the prime factors of 9052020.
2, 3, 5, 16763
What are the prime factors of 679021?
7, 97003
List the prime factors of 12260.
2, 5, 613
What are the prime factors of 609697?
11, 43, 1289
What are the prime factors of 300969?
3, 71, 157
List the prime factors of 1411280.
2, 5, 13, 23, 59
List the prime factors of 11282119.
11282119
List the prime factors of 965865.
3, 5, 19, 3389
List the prime factors of 216820.
2, 5, 37, 293
List the prime factors of 4341144.
2, 3, 277, 653
List the prime factors of 6814968.
2, 3, 283957
What are the prime factors of 687425?
5, 31, 887
List the prime factors of 834861.
3, 31, 47, 191
What are the prime factors of 14560845?
3, 5, 13, 89, 839
List the prime factors of 538917.
3, 17, 10567
List the prime factors of 289908.
2, 3, 8053
What are the prime factors of 625152?
2, 3, 11, 37
List the prime factors of 423861.
3, 17, 8311
List the prime factors of 978060.
2, 3, 5, 16301
What are the prime factors of 319117?
319117
What are the prime factors of 6937062?
2, 3, 11, 105107
List the prime factors of 1377231.
3, 41, 11197
What are the prime factors of 1077944?
2, 7, 19249
List the prime factors of 577319.
167, 3457
List the prime factors of 106558.
2, 53279
What are the prime factors of 608160?
2, 3, 5, 7, 181
What are the prime factors of 21850320?
2, 3, 5, 181, 503
What are the prime factors of 11769?
3, 3923
List the prime factors of 26125716.
2, 3, 2177143
What are the prime factors of 253818?
2, 3, 59, 239
What are the prime factors of 487033?
17, 28649
What are the prime factors of 446547?
3, 47, 3167
What are the prime factors of 959135?
5, 191827
List the prime factors of 848919.
3, 282973
What are the prime factors of 146344?
2, 11, 1663
List the prime factors of 9419212.
2, 11, 19, 593
List the prime factors of 26399.
26399
List the prime factors of 3552966.
2, 3, 17, 683
What are the prime factors of 14968175?
5, 598727
What are the prime factors of 10991570?
2, 5, 157, 7001
List the prime factors of 15908829.
3, 487, 10889
List the prime factors of 815953.
815953
List the prime factors of 1427636.
2, 7, 67, 761
List the prime factors of 14557441.
73, 199417
List the prime factors of 13596734.
2, 461, 14747
What are the prime factors of 7897013?
7897013
List the prime factors of 55407.
3, 11, 23, 73
What are the prime factors of 1445713?
1445713
What are the prime factors of 1324492?
2, 13, 25471
What are the prime factors of 746418?
2, 3, 31, 4013
List the prime factors of 156599.
149, 1051
List the prime factors of 3300382.
2, 1650191
What are the prime factors of 419445?
3, 5, 13, 239
List the prime factors of 3059377.
3059377
What are the prime factors of 357324?
2, 3, 11, 2707
What are the prime factors of 19635231?
3, 7, 11, 12143
What are the prime factors of 5592767?
5592767
List the prime factors of 588837.
3, 196279
List the prime factors of 27542050.
2, 5, 550841
What are the prime factors of 18103658?
2, 1619, 5591
What are the prime factors of 925427?
443, 2089
List the prime factors of 145696.
2, 29, 157
List the prime factors of 1831617.
3, 113, 1801
List the prime factors of 8348732.
2, 7, 298169
What are the prime factors of 9397028?
2, 647, 3631
What are the prime factors of 303304?
2, 31, 1223
List the prime factors of 7252594.
2, 3626297
What are the prime factors of 1295476?
2, 7, 13, 3559
What are the prime factors of 1593275?
5, 101, 631
List the prime factors of 255555.
3, 5, 631
List the prime factors of 556159.
556159
What are the prime